emainder when 67 is divided by o.
32
Suppose -3*u = 0, -4*p + 4426 + 3782 = -2*u. Calculate the remainder when p is divided by 79.
77
Let j = -14546 + 14738. Calculate the remainder when j is divided by 184.
8
Let q = 28 - 17. Let y be 114/30 + 4/(-20)*-1. Suppose 4*p - 172 = -y*d, -4*p - d - 83 = -255. What is the remainder when p is divided by q?
10
Suppose 339*y - 138882 = 46*y. What is the remainder when 836 is divided by y?
362
Let f = -2235 + 2281. Let d(k) be the second derivative of 29*k**3/6 + 13*k**2/2 - k. Calculate the remainder when d(9) is divided by f.
44
Let x = 143 - 95. Let b be (26/(-39))/(2/(-3)). What is the remainder when x is divided by 0 - -28 - (b + 2)?
23
Suppose -10*x = 131*x - 93031 + 17737. What is the remainder when x is divided by 65?
14
Let q(a) = -667*a + 2. Let x be q(-3). Suppose 0 = -9*b + x + 400. Suppose -4*z - 119 + b = 0. What is the remainder when 71 is divided by z?
34
Let f(v) be the first derivative of -3*v**2/2 - 43*v + 3. Calculate the remainder when (-11 + (3 - 1))/(-1) is divided by f(-16).
4
Let n(r) = -r**2 + 13*r + 107. Let j be n(19). Let t(d) = -2*d**2 - 18*d - 6. Calculate the remainder when t(j) is divided by 13.
9
Let p(x) = -5*x**2 + 6 + 2*x**2 + 5 + 2*x**2 - 5*x. Let s be p(-6). Suppose 0 = -4*v - 8, -4*v - 76 + 13 = -s*q. Calculate the remainder when q is divided by 5.
1
Suppose 143 + 100 = -3*r + 3*q, 2*r - 5*q + 165 = 0. Let x(n) = n**3 - 3*n**2 - 7*n. Calculate the remainder when x(5) is divided by (4/(-5))/(8/r).
7
Let t(n) = -n**2 + 13. Let j = -126 - -318. Suppose -17*f - j = -21*f. Calculate the remainder when f is divided by t(0).
9
Let c be 4/(-1)*(-7)/4*1. Let x(p) = -p**2 + 2*p + 3. Let r be x(c). Let l = 67 + r. What is the remainder when l is divided by 9?
8
Let j = 18 - 8. Let y(s) = 10*s + 403. Let g be y(-39). Let q(c) = -17*c + 239. What is the remainder when q(g) is divided by j?
8
Let p = 16617 + 2298. Calculate the remainder when (-2)/11 - (-11 + p/(-33)) is divided by 84.
80
Let g = -109 - -109. Suppose 1060 = -g*u + 5*u. Calculate the remainder when u is divided by 56.
44
Suppose 2668 = 4*i - a, 5*i - 5*a - 2517 = 803. What is the remainder when 1339 is divided by i?
3
Let s(g) = 2*g**2 - 13*g - 16. Let i(j) = -75*j + 547. Calculate the remainder when i(4) is divided by s(11).
81
Suppose 10*o - 11*o + 144 = 5*o. What is the remainder when 455 is divided by o?
23
Suppose 60*p - 86*p - 3472 = -40*p. Calculate the remainder when p is divided by 132.
116
Let o(i) = -2*i + 5. Let a be o(8). Let p = 17 + a. Suppose 27 = 3*w - 5*n, -5*w - 22*n = -17*n - 45. What is the remainder when w is divided by p?
3
Let u(y) = -2*y**3 - 3*y**2 - 6*y + 8. Suppose -13*h + 10765 = 10076. What is the remainder when u(-6) is divided by h?
50
Suppose 0 = -x - 0*x + 4. Let k = 263 + -168. Suppose x*u = 9*u - k. What is the remainder when 132 is divided by u?
18
Let l(p) = -17*p - 32. Let w be l(-2). Suppose -y + 4*o + 58 = 0, 2*y + w*o - 142 = -2*y. What is the remainder when y is divided by 9?
2
Let y(r) = 4*r**2 + 10*r - 132. What is the remainder when y(13) is divided by 83?
10
Suppose -143 = -15*j + 4*j. Suppose 0 = -j*v - 5*v + 972. Calculate the remainder when 267 is divided by v.
51
Let i(r) = r + 43. Let d(u) be the first derivative of u**2 + 38*u - 16. Let z be d(-19). Calculate the remainder when i(z) is divided by 23.
20
Let w be -17 + -1 + 1 - (-3 - -1). Let u(j) = j**2 + 13*j + 42. Let d be u(w). Suppose -f + 9*f = d. Calculate the remainder when 27 is divided by f.
0
Let a = 114 + -114. Suppose a = -2*m + 8, -2*r - 5*m = -262. What is the remainder when r is divided by 27?
13
Let v = -108 - -63. Let t be -48*(v/6)/5. Suppose 8*m = 6*m + t. Calculate the remainder when 142 is divided by m.
34
Let f(z) be the third derivative of -z**6/120 - z**5/12 - 7*z**4/12 + z**3/6 - 76*z**2. What is the remainder when f(-6) is divided by 31?
28
Let l = 19 - -13. Suppose 0 = 5*r + 14*q - 9*q - 475, -5*q = 2*r - 199. Calculate the remainder when r is divided by l.
28
Let m be 8 + 3 + -7 + -14. What is the remainder when ((-22)/8 - -2)/(m/200) is divided by 12?
3
Let s = -126 - -210. Let f = 52 - s. Let g = 35 + f. What is the remainder when 14 is divided by g?
2
Let n = -151 + 447. Let k(b) = 4*b**2 + 50*b + 33. What is the remainder when n is divided by k(-12)?
8
Let j(y) = y**2 - 30*y + 57. Let o = 34 + 7. Suppose 4*x - o = 19. Calculate the remainder when j(30) is divided by x.
12
Let t(i) = i**2 + 105*i - 7317. Calculate the remainder when 632 is divided by t(-153).
11
Let v = -51 - -57. Suppose -5*o = -2*u + 5 + 11, 5*u = o - v. Calculate the remainder when 19 is divided by 9 + (-15)/20*o.
7
What is the remainder when 357 is divided by (-11 + 5)/(((-2)/(-5))/(630/(-75)))?
105
Let x = -2 - -1. Let n(w) = -337*w**3 + w**2 + 3*w + 3. Calculate the remainder when n(x) is divided by 68.
66
Let h(i) = 77*i - 812. Calculate the remainder when (18/(-8))/((-4)/80) is divided by h(11).
10
Suppose -21*p = -584 + 143. Suppose -34*a + p*a + 1079 = 0. Calculate the remainder when 163 is divided by a.
80
Let x(k) = 5*k + 15. Let c be x(-9). Let a = 54 + c. Suppose 0*i - a = -4*i. What is the remainder when i is divided by 4?
2
Let z = 7 - -2. Let q(h) = h**2 + 7*h - 3589. Calculate the remainder when q(-64) is divided by z.
5
Suppose 0 = 3024*q - 3030*q + 480. Calculate the remainder when 278 is divided by q.
38
Let z be (11/55)/((-2)/(-4))*5. Let i(c) = -c**2 - c + 6. Let y be i(-4). Calculate the remainder when 3*(192/18 + z/y) is divided by 11.
9
Calculate the remainder when ((-3)/2)/((54/(-1976))/9) is divided by (17 + -15 + 0/(-1))*(-166)/(-4).
79
Suppose -56 = -0*p + 8*p. Let k be 306/8 + ((-203)/28 - p). Let q = 64 + k. Calculate the remainder when q is divided by 26.
24
Suppose 178*i = 185*i - 21. Calculate the remainder when 310 is divided by 9/i*(4 + 70/15).
24
Suppose -4*d + 3032 = 4*s, -3*s + 2*d + 1584 = -700. Suppose 107*m = 97*m + s. Calculate the remainder when m is divided by 9.
4
Let u be 30/90 - -577*1/(-3). Let p = 205 + u. Calculate the remainder when p is divided by 7.
6
Suppose 671 - 221 = 18*x. Let r = 52 + x. What is the remainder when 306 is divided by r?
75
Suppose -5*a = 5*t - 520, 0 = 1539*a - 1537*a - 5*t - 201. What is the remainder when 840 is divided by a?
16
Suppose -u + 117 = 7*w - 11*w, -4*u - 5*w = -468. Let f(h) = h**2 - 2*h + 38. Calculate the remainder when u is divided by f(0).
3
Let a(l) = 101*l - 18. Let p be (-42)/56*(2 - (-20)/(-6)). What is the remainder when a(p) is divided by 31?
21
Suppose 65*d = -5*s + 67*d + 1927, 5*s - d - 1931 = 0. What is the remainder when s is divided by 190?
7
Suppose 78*c = 73*c + 965. Let w = c - 172. What is the remainder when 76 is divided by w?
13
What is the remainder when 26*(-7316)/(-40) - (-306)/(-765) is divided by 78?
75
Suppose 5*h + 430 = 5*u - 0*u, -4*h - 4*u - 360 = 0. Let s(m) = -m**2 + 66*m - 566. What is the remainder when s(11) is divided by (-4)/(-18) + h/(-9)?
9
Let f = 38 + -23. Let h(r) = -r**2 + 7*r + 8. Let t be h(10). What is the remainder when (-100)/(-2)*(-11)/t is divided by f?
10
Suppose -4*p = 15*w - 20*w - 3951, -4926 = -5*p + 2*w. What is the remainder when p is divided by 9?
3
Suppose -4*c + 142 = -5*c + 461. What is the remainder when c is divided by 154?
11
What is the remainder when (0 + -1 - 2) + 114 is divided by 132/5 + 1026/135 + -6?
27
What is the remainder when (758/8 - -4)/(695/2224) is divided by 40?
36
Suppose 3*l - 20 = 4. Let g(p) = 219*p - 121*p + 13*p**2 - p**3 - 112*p - 3*p**2 + 4. What is the remainder when 57 is divided by g(l)?
17
Suppose 0 = 6*j - 13 + 1. Suppose -2*a + 10 = -2*o - 4, -4*a - j*o = -16. Suppose a*y = 44 + 36. Calculate the remainder when 28 is divided by y.
12
Let i(c) = -c**3 - 8*c**2 + 9*c + 5. Let q = 52 + -49. Suppose -q*m = 0, g - 4*m + 9 = -2*m. What is the remainder when 14 is divided by i(g)?
4
Suppose 0 = -152*b + 131*b + 7098. Calculate the remainder when b is divided by 18.
14
Suppose -b - 2*h + 299 = 0, -b + 6*b = -5*h + 1505. Suppose -b = -25*g - 3. Calculate the remainder when g is divided by 5.
2
Suppose -6*p - 4464 = 4*p - 14*p. What is the remainder when p is divided by 66?
60
Calculate the remainder when 18464/80 - (-4)/20 is divided by